4*n - 3*q - 2, -2*q = 2*n + 12. Let r(k) = 1232*k**2 - 14*k - 2. What is the units digit of r(n)?
4
Let y(l) = -16*l + 347. Suppose 3*i - 15 = -5*v + 65, 5*i - 48 = -3*v. What is the units digit of y(v)?
1
Let v(k) = -1031*k**3 - 29*k**2 - 60*k - 8. What is the thousands digit of v(-2)?
8
Suppose 26*h - 62*h = 108. What is the tens digit of (h/((-6)/(-23)))/(20/(-840))?
8
Let b = 42364 + -25986. What is the units digit of b?
8
Let u(r) = 19 + 12*r - 9*r**3 - 9*r**3 + 24*r**3 + 14*r**2 - 5*r**3. What is the tens digit of u(-13)?
3
Suppose -24*d + 30*d + 434376 = 18*d. What is the units digit of d?
8
Let s = 378 + 7058. What is the hundreds digit of s?
4
Let s = -20481 - -28812. What is the thousands digit of s?
8
Suppose 10*r - 4574 + 1694 = 0. What is the hundreds digit of r?
2
Let y be -4*8/(-32)*1287. Suppose 0 = -4*p + y + 2473. What is the hundreds digit of p?
9
Suppose -25*q + 11040 = -q. Let u = 273 + -591. Let j = q + u. What is the hundreds digit of j?
1
Suppose -2*t + 97638 = 2*h, -48798 = -t + 476*h - 474*h. What is the units digit of t?
2
Let v = -3538 - -12188. What is the thousands digit of v?
8
Let q be (12/(-18))/(6/81*-3). Let a be q + -3 + (-21)/6*-122. Suppose d - 3*t = 137, 0 = 3*d + t - 6*t - a. What is the units digit of d?
9
Let f(j) = -12*j - 9. Suppose k + 5*s = -2*k - 42, -3*s + 18 = -3*k. Let m be f(k). Suppose -a = 2*a - m. What is the units digit of a?
3
Suppose 4*z - 3*n = 7766 + 277, 5*n + 6035 = 3*z. What is the thousands digit of z?
2
Let s(a) = -a**2 + 4*a + 1. Let c be s(2). Suppose -586 = -c*h + 219. Suppose 61 = 3*v - h. What is the tens digit of v?
7
Let r(l) = -1714*l - 2052. What is the tens digit of r(-10)?
8
Let o(m) = 81*m + 12. Let g be o(7). Let b be 2/9*-6*g/2. Let d = b + 567. What is the tens digit of d?
8
What is the units digit of (-1106 + 80/(-8))*-9?
4
Let q(y) = -61*y**3 - 8. Let d be q(4). Let h = -2503 - d. What is the units digit of h?
9
Let y(k) = 72*k**2 + 176*k + 350. What is the ten thousands digit of y(-25)?
4
Let p(r) = 616*r + 99. What is the thousands digit of p(35)?
1
Suppose 37*x = 30*x + 1435. Suppose -4*h - 215 = -n, -n = -2*n + 2*h + x. What is the tens digit of n?
9
Let v = -3972 - -7268. What is the tens digit of v?
9
Suppose x = -z, -5*x - 12 = -z - 3*x. Suppose 3*u = z*k + 640, -2*u + 726 = -5*k + 290. What is the tens digit of u?
0
Suppose 2*y - 4*k + 10 = 0, 5 = 9*y - 5*y - 3*k. Suppose 0*u + 5*u - y = 0, b = 4*u + 1052. What is the thousands digit of b?
1
Suppose 81*z - 214474 + 20491 = 249087. What is the tens digit of z?
7
Let f(p) = -p**3 - 7*p**2 - 22*p - 55. Let o be f(-5). Suppose -1284 = o*u - 3834. What is the hundreds digit of u?
5
Let j(u) = -3*u**3 - 2*u**2 - 2*u - 166. Let k be j(0). Suppose -5*o - 714 = -2*o. Let c = k - o. What is the units digit of c?
2
Let f(s) = s**3 + 8*s**2 + 7*s + 2. Let w be f(-7). What is the hundreds digit of ((-1)/(-1))/(w*10/7940)?
3
Suppose -2*i = -2*v, -3*i + 7*i = 8. Suppose w + v*l + 13 = -l, -5*l = 5*w + 15. Suppose w*g = -3*u + 524, 3*u = -4*g + g + 519. What is the units digit of u?
8
Let q(x) be the first derivative of -3*x**2/2 + 397*x - 209. What is the tens digit of q(-27)?
7
Let b = -14061 + 37026. What is the units digit of b?
5
Let f(h) = -189*h - 182. Let o be f(-6). Suppose 2*g = 2520 - o. What is the hundreds digit of g?
7
Let r(y) = 40*y + 211. Let x be r(0). Let q = 597 - x. What is the units digit of q?
6
Suppose 5*a - 305 = 5*j, -4*j - a - 3*a - 276 = 0. Let x = j + 28. Let y = x - -70. What is the tens digit of y?
3
Let u = 5736 - -645. What is the tens digit of u?
8
Suppose t = q + 43098 + 7210, 2*t = 3*q + 100612. What is the ten thousands digit of t?
5
Let a be 1 + -2 - (-18 + 3). Let z be a/(-42) + 538/3. Suppose 2*t = -4*x + 150, -z = -4*t + 3*x + 154. What is the units digit of t?
1
Let o(f) = f**3 - 27*f**2 + 28*f - 40. Let t be o(26). Suppose -t*u + 28*u - 5200 = 0. What is the units digit of u?
5
Let m(g) = -34*g**2 - 5*g + 7. Let q be m(2). Let j = 529 - q. What is the tens digit of j?
6
Suppose 0 = -3*u + 9639 + 27333. What is the units digit of u?
4
Let w be 9/3 + 6 + (1 - 218). What is the units digit of (12/(-8))/(-1)*(-6 - w)?
3
Let w(m) = -3*m - 38. Let u be w(-18). Suppose -u - 5 = -3*q. Suppose q*t = -95 + 767. What is the units digit of t?
6
Let r(y) = -9*y - 73. Let h be r(-18). Let s = h + -86. Suppose -5*o - 5 = 0, -s*a + 4*o = -31 - 93. What is the tens digit of a?
4
Suppose 2055 = -0*h + 3*h + m, 4*h + 4*m = 2748. Let c = h + -485. What is the tens digit of c?
9
Let p = 126378 - 86268. What is the units digit of p?
0
Let u(z) = z**3 + 7*z**2 - 2*z - 18. Let h(c) = -2*c**3 - 8*c**2 + c + 19. Let b(l) = -3*h(l) - 4*u(l). What is the tens digit of b(4)?
9
Let d(j) = -175*j**3 + j**2 - 33*j - 107. What is the units digit of d(-3)?
6
Suppose 152379 = 3*f + 4*k, -3*f + 1117*k + 152331 = 1113*k. What is the thousands digit of f?
0
Suppose -14*s - 4*i + 16 = -9*s, i = -5*s + 4. Suppose 4*q + 661 = 10*n - 9*n, 5*q - 20 = s. What is the units digit of n?
7
Let p(s) = -s**3 + 7*s**2 - 7*s + 1. Let d be p(6). Let j(x) = x**2 - 2*x - 3. Let z be j(d). Let f = z - 28. What is the units digit of f?
4
Let t(c) = -86*c**3 + 15*c**2 + 24*c + 15. Let d be t(13). What is the tens digit of d/(-360) + 2/18?
1
Let d be 63 + (4 - 4 - 1). Let a = 67 - d. Suppose 2*g - 2 = 2, a*x - 1228 = -4*g. What is the tens digit of x?
4
Suppose x = -2*r - 7, 2*x + 21 = 6*r - 3*r. Suppose -m - 2*m + 86 = 2*t, 4*m = 2*t - 100. Let f = t + x. What is the units digit of f?
7
What is the tens digit of 6/(-7) + (3 - 1017513/(-147))?
2
Let h be 62 - (-5 + (2 - -3)). Suppose 2*n = -5*r + 305 + h, 0 = 2*r - n - 145. What is the units digit of r?
3
Let c = 105 - 111. What is the tens digit of (-4 + 25)*4/c*-7?
9
Let v(a) be the third derivative of -97*a**4/3 + 2*a**3/3 + 102*a**2. What is the units digit of v(-1)?
0
Suppose 5*h - 112*o = -113*o + 12146, 4*o = 4*h - 9736. What is the hundreds digit of h?
4
Let m = -38088 - -68232. What is the hundreds digit of m?
1
Let x be (108/45)/((-6)/20). Let l = x + 25. Suppose 21 = -10*d + l*d. What is the units digit of d?
3
Suppose -3*l + 2*l + 2*o = -7278, -l + 7276 = -4*o. What is the hundreds digit of l?
2
Suppose -8*g = -5*g - 6. Suppose 0 = -b + 471 - g. Suppose 3*a = -181 + b. What is the tens digit of a?
9
Let y = 20794 + -7004. What is the units digit of y?
0
Suppose 0 = 3*f - 621 - 507. Suppose 185*p = 181*p + f. What is the units digit of p?
4
Suppose 38*c + 35280 = 4*d + 36*c, d = 3*c + 8830. What is the tens digit of d?
1
Suppose -9*y + 29 = 2. Suppose i + 25 = 3*i - 5*s, 4*i - 63 = -y*s. Let n = 75 + i. What is the tens digit of n?
9
Suppose 26*f + 848815 = 21*f + 28*f. What is the ten thousands digit of f?
3
Let y(q) be the second derivative of -q**4/4 + q**3/6 + 2*q**2 + 11*q. Let v be y(2). What is the units digit of v - (-196)/8 - (-1)/2?
9
Suppose 0 = 2*q - 4*h + 50, 2*q + 49 = -5*h + 17. Let w = -18 + q. Let o = w - -125. What is the units digit of o?
6
Let f(g) = g**3 - 2*g**2 - 8*g + 3. Let j be f(4). Let y = j + 188. What is the units digit of y?
1
Let f(s) = 8 + 8*s - 22 + 20. Let j be f(-3). What is the units digit of (-11 + 7)*(j/(-8))/(-3)?
3
Let c(l) = 3*l**3 - 101*l**2 + 210*l + 4. Let b(w) = w**3 - 34*w**2 + 70*w + 1. Let q(r) = -11*b(r) + 4*c(r). What is the hundreds digit of q(28)?
3
Let o be 58/609 + 22718/42. Let u = o + 207. What is the units digit of u?
8
What is the thousands digit of ((-1)/3*46998/(-12))/((-1)/(-14))?
8
Suppose -3*i + 2*n + 45 = 34, -5*i + 11 = 4*n. Suppose i*l + 5*z - 1125 = 3*z, -757 = -2*l + z. What is the hundreds digit of l?
3
Suppose 2*w + 2*j - 5*j = 8, 3*w - 12 = 4*j. Let x(q) = 32*q**2 - 6*q + 9. What is the tens digit of x(w)?
9
Let y(g) = -g**3 - 3*g**2 - 3*g - 3. Suppose 3*o + 10 = -2*o. Let l be y(o). Let p = l + 32. What is the units digit of p?
1
Suppose -5*b + 4*k + 8794 = 0, 2*k - 3517 = -2*b + 3*k. Let p = b + -1176. Suppose -17*s + p = -11*s. What is the tens digit of s?
9
Suppose -9*p + 11676 = 408. Suppose 3*b = 4*d - 1292 + 289, 5*d - 2*b - p = 0. What is the hundreds digit of d?
2
Let d be (-16)/(-72) + (-7952)/(-18). Suppose 3*o - 5*h - d = 2*o, 452 = o + 5*h. Suppose 0 = -4*i + 4*f + 45 + o, -20 = 4*f. What